{"id":1663,"date":"2025-02-21T14:24:02","date_gmt":"2025-02-21T13:24:02","guid":{"rendered":"https:\/\/www.matthias-handschick.com\/?page_id=1663"},"modified":"2025-02-21T15:44:55","modified_gmt":"2025-02-21T14:44:55","slug":"veroeffentlichungen-2015-2019","status":"publish","type":"page","link":"https:\/\/www.matthias-handschick.com\/index.php\/veroeffentlichungen-2015-2019\/","title":{"rendered":"Ver\u00f6ffentlichungen 2015-2019"},"content":{"rendered":"\t\t<div data-elementor-type=\"wp-page\" data-elementor-id=\"1663\" class=\"elementor elementor-1663\">\n\t\t\t\t\t\t<section class=\"elementor-section elementor-top-section elementor-element elementor-element-165f1d09 elementor-section-stretched elementor-section-boxed elementor-section-height-default elementor-section-height-default\" data-id=\"165f1d09\" data-element_type=\"section\" data-e-type=\"section\" data-settings=\"{&quot;stretch_section&quot;:&quot;section-stretched&quot;}\">\n\t\t\t\t\t\t<div class=\"elementor-container elementor-column-gap-default\">\n\t\t\t\t\t<div class=\"elementor-column elementor-col-100 elementor-top-column elementor-element elementor-element-b919b33\" data-id=\"b919b33\" data-element_type=\"column\" data-e-type=\"column\">\n\t\t\t<div class=\"elementor-widget-wrap elementor-element-populated\">\n\t\t\t\t\t\t<div class=\"elementor-element elementor-element-2077561a elementor-widget elementor-widget-image\" data-id=\"2077561a\" data-element_type=\"widget\" data-e-type=\"widget\" data-widget_type=\"image.default\">\n\t\t\t\t<div class=\"elementor-widget-container\">\n\t\t\t\t\t\t\t\t\t\t\t\t\t\t\t<img fetchpriority=\"high\" decoding=\"async\" width=\"960\" height=\"369\" src=\"https:\/\/www.matthias-handschick.com\/wp-content\/uploads\/2025\/02\/mh3.jpg\" class=\"attachment-large size-large wp-image-1589\" alt=\"\" srcset=\"https:\/\/www.matthias-handschick.com\/wp-content\/uploads\/2025\/02\/mh3.jpg 960w, https:\/\/www.matthias-handschick.com\/wp-content\/uploads\/2025\/02\/mh3-300x115.jpg 300w, https:\/\/www.matthias-handschick.com\/wp-content\/uploads\/2025\/02\/mh3-768x295.jpg 768w\" sizes=\"(max-width: 960px) 100vw, 960px\" \/>\t\t\t\t\t\t\t\t\t\t\t\t\t\t\t<\/div>\n\t\t\t\t<\/div>\n\t\t\t\t\t<\/div>\n\t\t<\/div>\n\t\t\t\t\t<\/div>\n\t\t<\/section>\n\t\t\t\t<section class=\"elementor-section elementor-top-section elementor-element elementor-element-fc8f0b8 elementor-section-boxed elementor-section-height-default elementor-section-height-default\" data-id=\"fc8f0b8\" data-element_type=\"section\" data-e-type=\"section\">\n\t\t\t\t\t\t<div class=\"elementor-container elementor-column-gap-default\">\n\t\t\t\t\t<div class=\"elementor-column elementor-col-100 elementor-top-column elementor-element elementor-element-e463ccd\" data-id=\"e463ccd\" data-element_type=\"column\" data-e-type=\"column\">\n\t\t\t<div class=\"elementor-widget-wrap elementor-element-populated\">\n\t\t\t\t\t\t<div class=\"elementor-element elementor-element-35c3b85 elementor-widget elementor-widget-heading\" data-id=\"35c3b85\" data-element_type=\"widget\" data-e-type=\"widget\" data-widget_type=\"heading.default\">\n\t\t\t\t<div class=\"elementor-widget-container\">\n\t\t\t\t\t<h2 class=\"elementor-heading-title elementor-size-default\">Ver\u00f6ffentlichungen 2015-2019<\/h2>\t\t\t\t<\/div>\n\t\t\t\t<\/div>\n\t\t\t\t<div class=\"elementor-element elementor-element-8b0ff0b elementor-widget-divider--view-line elementor-widget elementor-widget-divider\" data-id=\"8b0ff0b\" data-element_type=\"widget\" data-e-type=\"widget\" data-widget_type=\"divider.default\">\n\t\t\t\t<div class=\"elementor-widget-container\">\n\t\t\t\t\t\t\t<div class=\"elementor-divider\">\n\t\t\t<span class=\"elementor-divider-separator\">\n\t\t\t\t\t\t<\/span>\n\t\t<\/div>\n\t\t\t\t\t\t<\/div>\n\t\t\t\t<\/div>\n\t\t\t\t\t<\/div>\n\t\t<\/div>\n\t\t\t\t\t<\/div>\n\t\t<\/section>\n\t\t\t\t<section class=\"elementor-section elementor-top-section elementor-element elementor-element-0bef1eb elementor-section-boxed elementor-section-height-default elementor-section-height-default\" data-id=\"0bef1eb\" data-element_type=\"section\" data-e-type=\"section\">\n\t\t\t\t\t\t<div class=\"elementor-container elementor-column-gap-default\">\n\t\t\t\t\t<div class=\"elementor-column elementor-col-100 elementor-top-column elementor-element elementor-element-b93e4b5\" data-id=\"b93e4b5\" data-element_type=\"column\" data-e-type=\"column\">\n\t\t\t<div class=\"elementor-widget-wrap elementor-element-populated\">\n\t\t\t\t\t\t<div class=\"elementor-element elementor-element-818f41b elementor-widget elementor-widget-text-editor\" data-id=\"818f41b\" data-element_type=\"widget\" data-e-type=\"widget\" data-widget_type=\"text-editor.default\">\n\t\t\t\t<div class=\"elementor-widget-container\">\n\t\t\t\t\t\t\t\t\t<ul><li>H\u00f6ren und Dazugeh\u00f6ren. Komponieren als auditiver Weltzugang (2019), in: Handreichungen zur Kompositionsp\u00e4dagogik (<a href=\"_wp_link_placeholder\" data-wplink-edit=\"true\">www.kompaed.de<\/a>)<\/li><li>Musikp\u00e4dagogische Projekte in der Qualit\u00e4tsoffensive Lehrerbildung: Das Verbundprojekt \u201eHeterogenit\u00e4t und Individualisierung im Unterricht\u201c der saarl\u00e4ndischen Hochschulen (gemeinsam mit Laura Delitala-M\u00f6ller, Andreas M\u00f6ller und Georg Wydra und einem Manteltext von Daniela Neuhaus und Gabriele Puffer, in: Diskussion MUsikp\u00e4dagogik, 83 \/ 2019, S. 50-51.<\/li><li>Musik und Welt. \u201eWeltbez\u00fcge in der Musik Mathias Spahlingers\u201c von Tobias Eduard Schick, in: Musik &amp; \u00c4sthetik, Heft 89, Januar 2019, S. 109-112.<\/li><li>Heterogenit\u00e4t und Inklusion. Ein musik- und kunstp\u00e4dagogisch akzentuierter Workshop zur Seminarerg\u00e4nzung (gemeinsam mit Rand al Mousa, Eva Biard, Laura Delitala-M\u00f6ller, Joris Onnenga und Lisa Stark, Saarbr\u00fccken 2018, (https:\/\/drive.google.com\/file\/d\/1DQSv&#8211;AlgH9-misBCHPThnoq6AB62BA6\/view).<\/li><li>\u00c4sthetische Bildung im Spiegel von Lernwerkstattkonzepten: \u00dcberlegungen zu interdisziplin\u00e4ren und \u00fcbertragbaren Formaten der Kulturvermittlung f\u00fcr heterogene Lerngruppen (gemeinsam mit Lisa Stark, Eva Biard, Laura Delitala-M\u00f6ller und Andreas M\u00f6ller), in: Peschel, Markus \/ Kelkel, Mareike (Hrsg.): Fachlichkeit in Lernwerkst\u00e4tten, Bad Heilbrunn 2018, S. 138-151.<\/li><li>Komponieren in der Schule (Gespr\u00e4ch mit Peer H\u00fcbel, Marc K\u00f6nig, Stefan Orgass und Christopher Wallbaum), in: Schlothfeld, Mathias \/ Vandr\u00e9, Philipp (Hrsg.): Weikersheimer Gespr\u00e4che zur Kompositionsp\u00e4dagogik, Regensburg 2018, S. 13-76.<\/li><li>Verweigerung als Ausgangspunkt. Anmerkungen zum Umgang mit kritischer Neuer Musik im Kontext ihrer Vermittlung, in: Musik &amp; \u00c4sthetik, Heft 82, April 2017, S. 74-84.<\/li><li>Chromatische Tonleitern (Improvisations- \/ Kompositionskonzept f\u00fcr mehrere Insrumentalisten), in: Schneider, Hans: musizieraktionen. streng \u2013 frei \u2013 lose. Anregungen zur V\/Ermittlung experimenteller Musizier- und Komponierweisen, B\u00fcdingen 2017, S. 205- 206.<\/li><li>Helmut oder Helene? Ein Streiflicht zum Problemfeld \u201e\u00e4sthetische Kompetenz und Konstruktivismus\u201c, in: Schwarzbauer, Michaela \/ Oebelsberger, Monika (Hrsg.): \u00c4sthetische Kompetenz \u2013 Nur ein Schlagwort? (Dokumentation einer Tagung der SOMA an der Universit\u00e4t Mozarteum Salzburg), Wien 2017, S. 175-181.<\/li><li>Ohne Musik. Analytische Betrachtungen zum Dokumentarfilm \u201eOrtung\u201c (2012), in: Hiekel, J\u00f6rn Peter (Hrsg.): \u00dcberblendungen. Neue Musik mit Film\/Video (= Ver\u00f6ffentlichungen des Instituts f\u00fcr Neue Musik und Musikerziehung Darmstadt, Band 56), Mainz 2016, S. 150-165.<\/li><li>Musik als \u00bbMedium der sich selbst erfahrenden Wahrnehmung\u00ab. M\u00f6glichkeiten der Vermittlung Neuer Musik unter dem Aspekt der Aufl\u00f6sung und Reflexion von Gestalthaftigkeit (= Schriften der Hochschule f\u00fcr Musik Freiburg, Bd. 3), Hildesheim 2015.<\/li><li>Musik erfinden. Experimentieren, Improvisieren und Komponieren, in: Fuchs, Mechtild (Hrsg.): Musikdidaktik f\u00fcr die Grundschule. Theoretische Grundlagen und Praxisvorschl\u00e4ge, Esslingen 2015, S. 180-199.<\/li><\/ul>\t\t\t\t\t\t\t\t<\/div>\n\t\t\t\t<\/div>\n\t\t\t\t\t<\/div>\n\t\t<\/div>\n\t\t\t\t\t<\/div>\n\t\t<\/section>\n\t\t\t\t<\/div>\n\t\t","protected":false},"excerpt":{"rendered":"<p>Ver\u00f6ffentlichungen 2015-2019 H\u00f6ren und Dazugeh\u00f6ren. Komponieren als auditiver Weltzugang (2019), in: Handreichungen zur Kompositionsp\u00e4dagogik (www.kompaed.de) Musikp\u00e4dagogische Projekte in der Qualit\u00e4tsoffensive Lehrerbildung: Das Verbundprojekt \u201eHeterogenit\u00e4t und Individualisierung im Unterricht\u201c der saarl\u00e4ndischen Hochschulen (gemeinsam mit Laura Delitala-M\u00f6ller, Andreas M\u00f6ller und Georg Wydra und einem Manteltext von Daniela Neuhaus und Gabriele Puffer, in: Diskussion MUsikp\u00e4dagogik, 83 \/ 2019, [&hellip;]<\/p>\n","protected":false},"author":1,"featured_media":0,"parent":0,"menu_order":0,"comment_status":"closed","ping_status":"closed","template":"","meta":{"ocean_post_layout":"","ocean_both_sidebars_style":"","ocean_both_sidebars_content_width":0,"ocean_both_sidebars_sidebars_width":0,"ocean_sidebar":"","ocean_second_sidebar":"","ocean_disable_margins":"enable","ocean_add_body_class":"","ocean_shortcode_before_top_bar":"","ocean_shortcode_after_top_bar":"","ocean_shortcode_before_header":"","ocean_shortcode_after_header":"","ocean_has_shortcode":"","ocean_shortcode_after_title":"","ocean_shortcode_before_footer_widgets":"","ocean_shortcode_after_footer_widgets":"","ocean_shortcode_before_footer_bottom":"","ocean_shortcode_after_footer_bottom":"","ocean_display_top_bar":"default","ocean_display_header":"default","ocean_header_style":"","ocean_center_header_left_menu":"","ocean_custom_header_template":"","ocean_custom_logo":0,"ocean_custom_retina_logo":0,"ocean_custom_logo_max_width":0,"ocean_custom_logo_tablet_max_width":0,"ocean_custom_logo_mobile_max_width":0,"ocean_custom_logo_max_height":0,"ocean_custom_logo_tablet_max_height":0,"ocean_custom_logo_mobile_max_height":0,"ocean_header_custom_menu":"","ocean_menu_typo_font_family":"","ocean_menu_typo_font_subset":"","ocean_menu_typo_font_size":0,"ocean_menu_typo_font_size_tablet":0,"ocean_menu_typo_font_size_mobile":0,"ocean_menu_typo_font_size_unit":"px","ocean_menu_typo_font_weight":"","ocean_menu_typo_font_weight_tablet":"","ocean_menu_typo_font_weight_mobile":"","ocean_menu_typo_transform":"","ocean_menu_typo_transform_tablet":"","ocean_menu_typo_transform_mobile":"","ocean_menu_typo_line_height":0,"ocean_menu_typo_line_height_tablet":0,"ocean_menu_typo_line_height_mobile":0,"ocean_menu_typo_line_height_unit":"","ocean_menu_typo_spacing":0,"ocean_menu_typo_spacing_tablet":0,"ocean_menu_typo_spacing_mobile":0,"ocean_menu_typo_spacing_unit":"","ocean_menu_link_color":"","ocean_menu_link_color_hover":"","ocean_menu_link_color_active":"","ocean_menu_link_background":"","ocean_menu_link_hover_background":"","ocean_menu_link_active_background":"","ocean_menu_social_links_bg":"","ocean_menu_social_hover_links_bg":"","ocean_menu_social_links_color":"","ocean_menu_social_hover_links_color":"","ocean_disable_title":"default","ocean_disable_heading":"default","ocean_post_title":"","ocean_post_subheading":"","ocean_post_title_style":"","ocean_post_title_background_color":"","ocean_post_title_background":0,"ocean_post_title_bg_image_position":"","ocean_post_title_bg_image_attachment":"","ocean_post_title_bg_image_repeat":"","ocean_post_title_bg_image_size":"","ocean_post_title_height":0,"ocean_post_title_bg_overlay":0.5,"ocean_post_title_bg_overlay_color":"","ocean_disable_breadcrumbs":"default","ocean_breadcrumbs_color":"","ocean_breadcrumbs_separator_color":"","ocean_breadcrumbs_links_color":"","ocean_breadcrumbs_links_hover_color":"","ocean_display_footer_widgets":"default","ocean_display_footer_bottom":"default","ocean_custom_footer_template":"","footnotes":""},"class_list":["post-1663","page","type-page","status-publish","hentry","entry"],"_links":{"self":[{"href":"https:\/\/www.matthias-handschick.com\/index.php\/wp-json\/wp\/v2\/pages\/1663","targetHints":{"allow":["GET"]}}],"collection":[{"href":"https:\/\/www.matthias-handschick.com\/index.php\/wp-json\/wp\/v2\/pages"}],"about":[{"href":"https:\/\/www.matthias-handschick.com\/index.php\/wp-json\/wp\/v2\/types\/page"}],"author":[{"embeddable":true,"href":"https:\/\/www.matthias-handschick.com\/index.php\/wp-json\/wp\/v2\/users\/1"}],"replies":[{"embeddable":true,"href":"https:\/\/www.matthias-handschick.com\/index.php\/wp-json\/wp\/v2\/comments?post=1663"}],"version-history":[{"count":0,"href":"https:\/\/www.matthias-handschick.com\/index.php\/wp-json\/wp\/v2\/pages\/1663\/revisions"}],"wp:attachment":[{"href":"https:\/\/www.matthias-handschick.com\/index.php\/wp-json\/wp\/v2\/media?parent=1663"}],"curies":[{"name":"wp","href":"https:\/\/api.w.org\/{rel}","templated":true}]}}